r when 294966 is divided by 147470?
26
What is the remainder when 38158 is divided by 242?
164
What is the remainder when 93567 is divided by 10?
7
What is the remainder when 28952 is divided by 210?
182
What is the remainder when 2448 is divided by 115?
33
What is the remainder when 36008 is divided by 923?
11
Calculate the remainder when 1200 is divided by 31.
22
Calculate the remainder when 5766 is divided by 2947.
2819
What is the remainder when 182704 is divided by 60897?
13
What is the remainder when 27904 is divided by 11?
8
Calculate the remainder when 9691 is divided by 1383.
10
What is the remainder when 1114 is divided by 424?
266
What is the remainder when 30094 is divided by 298?
294
Calculate the remainder when 3235 is divided by 1613.
9
What is the remainder when 42593 is divided by 23?
20
What is the remainder when 84674 is divided by 1540?
1514
What is the remainder when 26123 is divided by 93?
83
Calculate the remainder when 59733 is divided by 7.
2
Calculate the remainder when 48666 is divided by 37.
11
Calculate the remainder when 296679 is divided by 502.
499
Calculate the remainder when 1510 is divided by 588.
334
What is the remainder when 181696 is divided by 6?
4
Calculate the remainder when 724695 is divided by 247.
244
Calculate the remainder when 2724 is divided by 148.
60
What is the remainder when 2954161 is divided by 134?
131
What is the remainder when 48372 is divided by 204?
24
Calculate the remainder when 28433 is divided by 360.
353
What is the remainder when 5565 is divided by 1851?
12
Calculate the remainder when 31536 is divided by 33.
21
Calculate the remainder when 22877 is divided by 260.
257
What is the remainder when 11255 is divided by 574?
349
Calculate the remainder when 85690 is divided by 13.
7
What is the remainder when 46223 is divided by 8?
7
What is the remainder when 7315 is divided by 40?
35
What is the remainder when 11765 is divided by 1943?
107
Calculate the remainder when 13152 is divided by 392.
216
What is the remainder when 22156 is divided by 599?
592
Calculate the remainder when 23338 is divided by 121.
106
Calculate the remainder when 32968 is divided by 5494.
4
Calculate the remainder when 17116 is divided by 8556.
4
What is the remainder when 12121 is divided by 49?
18
Calculate the remainder when 3591 is divided by 1017.
540
What is the remainder when 456907 is divided by 206?
205
Calculate the remainder when 11709 is divided by 10.
9
What is the remainder when 3138 is divided by 27?
6
Calculate the remainder when 12966 is divided by 769.
662
Calculate the remainder when 224080 is divided by 633.
631
What is the remainder when 1973 is divided by 36?
29
What is the remainder when 207647 is divided by 206?
205
Calculate the remainder when 37919 is divided by 25.
19
Calculate the remainder when 117017 is divided by 58497.
23
Calculate the remainder when 1955 is divided by 36.
11
What is the remainder when 557731 is divided by 20?
11
Calculate the remainder when 830284 is divided by 43.
40
Calculate the remainder when 6434 is divided by 209.
164
What is the remainder when 272 is divided by 104?
64
Calculate the remainder when 818835 is divided by 22.
17
What is the remainder when 1571 is divided by 12?
11
What is the remainder when 20441 is divided by 64?
25
What is the remainder when 513987 is divided by 385?
12
Calculate the remainder when 9851 is divided by 981.
41
Calculate the remainder when 11573 is divided by 40.
13
Calculate the remainder when 54081 is divided by 22.
5
Calculate the remainder when 33690 is divided by 29.
21
Calculate the remainder when 1637 is divided by 194.
85
Calculate the remainder when 5250 is divided by 487.
380
What is the remainder when 1149327 is divided by 216?
207
What is the remainder when 6165 is divided by 5253?
912
Calculate the remainder when 25358 is divided by 540.
518
What is the remainder when 852597 is divided by 40?
37
Calculate the remainder when 21397 is divided by 361.
98
Calculate the remainder when 6843 is divided by 124.
23
Calculate the remainder when 701380 is divided by 140274.
10
What is the remainder when 8099797 is divided by 98?
97
Calculate the remainder when 1158990 is divided by 759.
756
What is the remainder when 7037 is divided by 173?
117
What is the remainder when 14001 is divided by 2782?
91
What is the remainder when 771 is divided by 118?
63
Calculate the remainder when 5862 is divided by 41.
40
What is the remainder when 71508 is divided by 35707?
94
Calculate the remainder when 19491 is divided by 83.
69
Calculate the remainder when 7895942 is divided by 724.
722
Calculate the remainder when 108858 is divided by 134.
50
Calculate the remainder when 19913 is divided by 19894.
19
What is the remainder when 901 is divided by 92?
73
What is the remainder when 16357 is divided by 186?
175
Calculate the remainder when 137739 is divided by 139.
129
What is the remainder when 54554 is divided by 1654?
1626
What is the remainder when 56428 is divided by 56412?
16
What is the remainder when 24768 is divided by 1448?
152
Calculate the remainder when 55842 is divided by 15.
12
Calculate the remainder when 374477 is divided by 302.
299
Calculate the remainder when 450034 is divided by 225013.
8
What is the remainder when 1598 is divided by 35?
23
What is the remainder when 29034 is divided by 461?
452
What is the remainder when 55762 is divided by 9289?
28
What is the remainder when 250595 is divided by 103?
99
Calculate the remainder when 62944 is divided by 20942.
118
What is the remainder when 3895 is divided by 1285?
40
What is the remainder when 1868 is divided by 201?
59
Calculate the remainder when 75071 is divided by 18766.
7
Calculate the remainder when 101518 is divided by 2416.
46
What is the remainder when 2551 is divided by 1173?
205
Calculate the remainder when 692395 is divided by 44.
11
Calculate the remainder when 30788 is divided by 10257.
17
Calculate the remainder when 361193 is divided by 28.
21
Calculate the remainder when 15071 is divided by 938.
63
What is the remainder when 7233 is divided by 468?
213
What is the remainder when 25671 is divided by 15?
6
Calculate the remainder when 2489394 is divided by 1274.
1272
What is the remainder when 6948 is divided by 988?
32
What is the remainder when 1203 is divided by 36?
15
What is the remainder when 10898 is divided by 3627?
17
Calculate the remainder when 155930 is divided by 176.
170
What is the remainder when 3962997 is divided by 1000?
997
What is the remainder when 163841 is divided by 21?
20
Calculate the remainder when 2868 is divided by 49.
26
What is the remainder when 94823 is divided by 2707?
78
What is the remainder when 189394 is divided by 40?
34
Calculate the remainder when 220778 is divided by 110383.
12
Calculate the remainder when 5210 is divided by 1302.
2
Calculate the remainder when 48310 is divided by 212.
186
Calculate the remainder when 54223 is divided by 434.
407
What is the remainder when 219732 is divided by 36615?
42
Calculate the remainder when 18574 is divided by 2320.
14
Calculate the remainder when 76275 is divided by 38131.
13
What is the remainder when 114205 is divided by 245?
35
What is the remainder when 30836 is divided by 149?
142
What is the remainder when 73628 is divided by 4902?
98
Calculate the remainder when 8764 is divided by 1746.
34
What is the remainder when 193242 is divided by 1017?
12
Calculate the remainder when 1020446 is divided by 16.
14
What is the remainder when 11079 is divided by 318?
267
What is the remainder when 6989 is divided by 771?
50
Calculate the remainder when 3883 is divided by 33.
22
What is the remainder when 71726 is divided by 30?
26
Calculate the remainder when 2437 is divided by 69.
22
What is the remainder when 1937 is divided by 436?
193
Calculate the remainder when 14641 is divided by 257.
249
What is the remainder when 3642 is divided by 1637?
368
What is the remainder when 382776 is divided by 15?
6
Calculate the remainder when 7670 is divided by 179.
152
Calculate the remainder when 38018 is divided by 194.
188
What is the remainder when 8682389 is divided by 243?
242
Calculate the remainder when 198009 is divided by 11.
9
Calculate the remainder when 739752 is div